*2 - 4 - 110*w**2 + 1 - w. Let j(n) = 48*n**2 - 6*n - 21. Let x(l) = -27*c(l) + 4*j(l). List the prime factors of x(-10).
3, 89
Let x = 11565 + -4616. List the prime factors of x.
6949
Let l(b) = -3*b**3 + 21*b**2 + 8. Let a(p) = 2*p**3 - 14*p**2 + p - 9. Let c(x) = 4*a(x) + 3*l(x). Let n = 14 - 9. List the prime factors of c(n).
2, 29
Let q be 301 - 2/(-4)*12. Let y = -176 + q. List the prime factors of y.
131
Let k = -527 - -512. Suppose 3*t = -t + h - 2157, 3*h - 15 = 0. What are the prime factors of t/k + (-14)/(-105)?
2, 3
Let j = 67 - 202. Let i = j - -169. List the prime factors of i.
2, 17
Suppose 2*f - o - 40 + 8 = 0, 4*f - 64 = -5*o. Suppose f*s = 3*s + 3523. Let i = 491 - s. What are the prime factors of i?
2, 5, 11
Let s be ((-6)/5)/3 - 400304/(-635). Suppose 2182 = 19*l - s. What are the prime factors of l?
2, 37
Let t be (-3 - (-17)/(-2))*-2*7. Suppose -5*h + 5*j = -195, -4*j = 5*h + 2 - t. List the prime factors of h.
5, 7
Suppose 0 = -4*z + u + 20463, 446*z - u - 15348 = 443*z. What are the prime factors of z?
3, 5, 11, 31
Suppose -15*h + 12064 = -12*h + 5*s, -3*h = -2*s - 12029. What are the prime factors of h?
4013
Let p(q) = -277*q**3 - 3*q**2 + 9*q - 7. Let t be p(1). Let n = t + 777. List the prime factors of n.
499
List the prime factors of (36/(-108))/((-3)/10692).
2, 3, 11
Let y be 973 - ((-9)/(-3) + -7). Let t = 1603 - y. What are the prime factors of t?
2, 313
Let o(d) = -d**3 + 10*d**2 + 18*d - 28. Let h be o(12). Let r = h - -331. List the prime factors of r.
3, 7, 11
Suppose 5*m - 57 = -c, -5*c = -5*m - 91 - 224. Suppose 28*n + 1394 = c*n. List the prime factors of n.
41
List the prime factors of (-24)/20 - (-22)/(990/2300049).
3, 631
Suppose 205529 = 18*r - 32269. List the prime factors of r.
11, 1201
List the prime factors of ((-1)/(0 + (-6)/2661))/((-103)/(-8446)).
41, 887
Let k(u) = -u**3 - 9*u**2 + 5*u - 12. Let q be k(-11). Let f = 427 - q. Let m = 359 - f. List the prime factors of m.
107
Let w(f) = 7*f - 19. Let y be w(18). Let d = y - -3. What are the prime factors of d?
2, 5, 11
Let f(k) = -6*k + 7. Let x be f(-3). Let j = x - 37. What are the prime factors of (-165)/(-2) + 6/j?
2, 41
What are the prime factors of -4 + 5 + 2 - (-1 + -1*17793)?
13, 37
Suppose 5*q + m - 6483 = 0, m + 2075 = 3*q - 1810. Suppose 3*d + 148 = -f + q, d = 2*f - 2268. List the prime factors of f.
2, 71
Suppose 22*q - 895450 = -469088 + 645918. What are the prime factors of q?
2, 5, 2437
Let k(c) = -c**3 - 18*c**2 + 38*c - 51. Let l be k(-23). Suppose 0 = -9*n + l - 442. What are the prime factors of n?
2, 71
Suppose -3*r + 1586 = -3952. What are the prime factors of r*4/8 + -7?
2, 229
Suppose 2*a = 4*z - 8, -2*a + 7*a - 40 = -5*z. Suppose 630 = z*n + 2. What are the prime factors of n?
157
Let h(d) be the second derivative of 8*d**3 + 5*d**2/2 + 15*d. What are the prime factors of h(9)?
19, 23
Let h = 19734 - 12081. What are the prime factors of h?
3, 2551
Let n = -71 + 71. Let i be n/1 + (1 - -1). Suppose -4*o - o + 657 = -i*m, 0 = -3*o + m + 394. What are the prime factors of o?
131
Let c(p) = -p**3 - p**2 - p - 10. Let w be c(0). Let i be 1/((-10)/(-28)) + w/(-50). Suppose 121 = -i*b + 514. What are the prime factors of b?
131
Suppose -21*m + 131 + 79 = 0. Suppose m*z = -z + 3498. List the prime factors of z.
2, 3, 53
Let s(m) = 2*m + 18. Let v be s(-7). Suppose -h + 175 = v*h. Let f = h + -23. What are the prime factors of f?
2, 3
Let h = 103823 - 72992. List the prime factors of h.
3, 43, 239
Suppose -43714 = -29*h + 22535 + 14023. What are the prime factors of h?
2, 173
Let d(n) = -2397*n - 4681. What are the prime factors of d(-8)?
5, 13, 223
Let c(u) = 10*u**2 + 1036*u + 189. List the prime factors of c(-115).
3, 11, 13, 31
Let f(c) = 5*c**2 + 22*c + 4. Suppose 3*d = 4*y - 2*y - 15, 2*y = 0. Let j(s) = s**2 + 6*s - 4. Let u be j(d). What are the prime factors of f(u)?
211
Let d(i) = 42*i**2 - 5*i + 5. Let p(z) = z**3 - 11*z**2 - 11*z - 14. Let g be p(12). Let l = g - -4. List the prime factors of d(l).
163
Let o(a) = -30*a**3 - 1285*a**2 - 56*a - 85. List the prime factors of o(-44).
70139
Suppose -4*w - t = -15, 0 = -w - t + 4*t + 20. Suppose 3*x - q = 7*x - 32, 2*x - 38 = w*q. Suppose x*z - 1382 = 499. List the prime factors of z.
11, 19
Let c(i) be the third derivative of -i**6/120 - 9*i**5/20 + 29*i**4/24 + 97*i**3/6 + 5*i**2 - 5. What are the prime factors of c(-28)?
3, 23
Let n(h) = -h**3 + 13*h**2 - 21*h - 6. Let w be n(11). Suppose 2*l + 3*q + 299 = 0, -w*l + 4*q - 977 = -241. List the prime factors of ((-84)/24)/(2/l).
7, 37
Suppose 129968 + 57089 = 13*x. List the prime factors of x.
14389
Let f = 59 - 56. Suppose 4 = 4*r + f*x - 6*x, 0 = 3*x - 12. Suppose -3*p - u = -758, r*p + 4*u - 156 - 860 = 0. List the prime factors of p.
2, 3, 7
Let k(v) = -604*v - 1354. List the prime factors of k(-20).
2, 31, 173
Let p(c) = -23*c - 165. Let m be p(36). Let s = -541 - m. List the prime factors of s.
2, 113
Suppose i - a - 251 - 127 = 0, i - 5*a - 394 = 0. Suppose 316 + i = 2*m. Suppose -m = 7*k - 10*k. What are the prime factors of k?
5, 23
Let r(x) = -6*x**2 - 3*x - 2. Let j be r(-1). What are the prime factors of (1 - 51)*(11 + (-24 - j))?
2, 5
Let w = 13030 + -10076. List the prime factors of w.
2, 7, 211
Let x be ((-10)/(-14))/(23/161). Suppose -21*t = -x*t - 944. What are the prime factors of t?
59
Suppose -12*s = -15*s + 6. Suppose 0 = -f + s*f + 2*w - 160, 0 = 4*w + 8. List the prime factors of f.
2, 41
Let v(n) = 5830*n**2 - 6*n - 19. List the prime factors of v(-2).
3, 19, 409
Let v(x) be the first derivative of x**2/2 - 25*x - 5. Let h be v(13). Let c = 31 + h. List the prime factors of c.
19
List the prime factors of 28/1512*18*2646/2.
3, 7
Let j(b) = -24*b**3 + 7*b**2 + 17*b + 5. What are the prime factors of j(-7)?
8461
Let v(j) = j**2 - 19*j - 1862. List the prime factors of v(-59).
2, 5, 137
Suppose -9704 - 24874 = -18*r. List the prime factors of r.
17, 113
Let l = 18 + -11. Let y(x) = -2*x - 5*x**2 + 25 + x**3 - 4*x + 0*x - 13 - 10. List the prime factors of y(l).
2, 29
Suppose -21868883 + 9191944 = -477*s + 8685506. List the prime factors of s.
5, 13, 53
Let f(i) = -20*i**2 - 2*i. Let x be f(3). Let l = x + 919. List the prime factors of l.
733
Suppose 0 = -95*w + 102*w - 35. Suppose 0 = 2*a - 5*s - 716, -5*a + w*s + 0*s = -1760. What are the prime factors of a?
2, 3, 29
Suppose 26 = 3*m - 7*m - 3*l, -m = -2*l + 1. List the prime factors of m - (-526 - (2 - 5)).
2, 7, 37
Suppose -3*p = -5*u - 4*p - 391, 0 = -4*p - 4. Let v be 0 + u/(-21) + 4/14. Suppose -3*y + 140 = 4*a, 4*y = -v*a + 9*a - 175. What are the prime factors of a?
5, 7
Suppose 2*v + 3*a - 7352 = 13503, -v + 10421 = -5*a. List the prime factors of v.
2, 13, 401
Let q(v) = 36*v**2 + 2*v - 154. List the prime factors of q(21).
2, 7, 563
Suppose 0 = -84*q + 789814 - 476320 + 885690. What are the prime factors of q?
2, 43, 83
Let h be 1*(-16)/20*150/(-5). What are the prime factors of h/(-42) - 2704/(-28)?
2, 3
List the prime factors of (-643713)/(-189) - (-2 - (-34)/18).
2, 13, 131
Let z(d) = -25*d - 34*d + 16 - 48*d. What are the prime factors of z(-4)?
2, 3, 37
Let i(j) = 654*j + 7 - 436*j - 361*j. List the prime factors of i(-7).
2, 3, 7
Let q(y) = 32*y**2 - 141*y - 2312. What are the prime factors of q(-18)?
2, 5297
Let u = -323 + 350. List the prime factors of (-12)/u*-3*123.
2, 41
Suppose 0 = -2*a + 3*c + 363, 3*c + 10 = 5*c. Suppose 7*z = 4*z + a. Let j = 156 - z. List the prime factors of j.
3, 31
Suppose 25 = -5*x, 0*p = 2*p + 3*x + 15. Suppose -3*a + p*a = a. Suppose 2*j = -2*w + 148, 4*w + 2*j - 183 - 119 = a. What are the prime factors of w?
7, 11
Suppose 15 = -5*q - 75. Let l = -14 - q. Suppose -5*g + 2*z + 7 = z, g - 2*z = -l. What are the prime factors of g?
2
Suppose 5*z - 314 = -284. Suppose -880 = -3*u - y, -z*u + 582 = -4*u - 4*y. What are the prime factors of u?
293
Let h = -82707 - -128662. List the prime factors of h.
5, 7, 13, 101
Suppose 0 = -4*k + 4*i + 248, i = 5*k - 185 - 137. Suppose -k = 10*w - 23*w. Suppose s = -w*p + 127, -3*p + 254 = 2*s + p. List the prime factors of s.
127
Let w(h) = h**2 + 67*h - 175. List the prime factors of w(45).
5, 7, 139
Let y = 26 - 10. Suppose -z + y - 20 = 0. Let n(w) = 9*w**2 + 1